{"id":2,"date":"2024-12-02T09:34:55","date_gmt":"2024-12-02T08:34:55","guid":{"rendered":"http:\/\/le30.info\/?page_id=2"},"modified":"2025-04-28T21:10:26","modified_gmt":"2025-04-28T19:10:26","slug":"page-d-exemple","status":"publish","type":"page","link":"https:\/\/le30.info\/","title":{"rendered":"Bienvenue sur le 30.info"},"content":{"rendered":"\n<p class=\"wp-block-paragraph\">Vous \u00eates sur le site web du journal bimestriel Le 30. le30.info vous propose une partie des articles contenus dans le journal papier, gratuitement. Si vous voulez lire nos autres articles exclusifs, n&rsquo;h\u00e9sitez pas \u00e0 vous procurer une version papier de notre journal. Vous trouverez \u00e9galement sur ce site des articles exclusivement disponibles au format num\u00e9rique. <\/p>\n\n\n\n<p class=\"wp-block-paragraph\">Si vous souhaitez nous contacter,  envoyez un mail \u00e0 contact@le30.info.<\/p>\n\n\n\n<p class=\"wp-block-paragraph\">Une s\u00e9lection de nos derniers articles : <\/p>\n\n\n<ul class=\"wp-block-latest-posts__list is-grid wp-block-latest-posts is-layout-flow wp-block-latest-posts-is-layout-flow\"><li><a class=\"wp-block-latest-posts__post-title\" href=\"https:\/\/le30.info\/index.php\/2026\/08\/29\/a-poitiers-on-deloge-les-pauvres-des-zones-economiques\/\">\u00c0 Poitiers, \u00ab\u00a0on d\u00e9loge\u00a0\u00bb les pauvres des zones \u00e9conomiques.<\/a><\/li>\n<li><a class=\"wp-block-latest-posts__post-title\" href=\"https:\/\/le30.info\/index.php\/2026\/08\/21\/a-brottier-derriere-le-cumul-un-blocage-democratique\/\">A. Brottier : derri\u00e8re le cumul, un blocage d\u00e9mocratique ?<\/a><\/li>\n<li><a class=\"wp-block-latest-posts__post-title\" href=\"https:\/\/le30.info\/index.php\/2026\/03\/13\/thibaut-legube-veut-la-fin-de-limmobilisme-et-reinventer-chauvigny\/\">Thibaut Legube veut \u00ab la fin de l\u2019immobilisme \u00bbet r\u00e9inventer Chauvigny<\/a><\/li>\n<li><a class=\"wp-block-latest-posts__post-title\" href=\"https:\/\/le30.info\/index.php\/2026\/03\/10\/profil-sociologique-des-listes-electorales-quelle-liste-est-la-plus-a-meme-de-vous-representer\/\">Profil sociologique des listes \u00e9lectorales, quelle liste est la plus \u00e0 m\u00eame de vous repr\u00e9senter ?<\/a><\/li>\n<li><a class=\"wp-block-latest-posts__post-title\" href=\"https:\/\/le30.info\/index.php\/2025\/10\/12\/poitiers-une-majorite-a-limage-des-elites-pas-des-habitant-es\/\">Poitiers : Une majorit\u00e9 \u00e0 l\u2019image des \u00e9lites, pas des habitant.es ?<\/a><\/li>\n<\/ul>\n\n\n<p class=\"wp-block-paragraph\"><\/p>\n","protected":false},"excerpt":{"rendered":"<p>Vous \u00eates sur le site web du journal bimestriel Le 30. le30.info vous propose une partie des articles contenus dans le journal papier, gratuitement. Si [&hellip;]<\/p>\n","protected":false},"author":1,"featured_media":0,"parent":0,"menu_order":0,"comment_status":"closed","ping_status":"closed","template":"","meta":{"_monsterinsights_skip_tracking":false,"_themeisle_gutenberg_block_has_review":false,"footnotes":""},"class_list":["post-2","page","type-page","status-publish","hentry"],"aioseo_notices":[],"_links":{"self":[{"href":"https:\/\/le30.info\/index.php\/wp-json\/wp\/v2\/pages\/2","targetHints":{"allow":["GET"]}}],"collection":[{"href":"https:\/\/le30.info\/index.php\/wp-json\/wp\/v2\/pages"}],"about":[{"href":"https:\/\/le30.info\/index.php\/wp-json\/wp\/v2\/types\/page"}],"author":[{"embeddable":true,"href":"https:\/\/le30.info\/index.php\/wp-json\/wp\/v2\/users\/1"}],"replies":[{"embeddable":true,"href":"https:\/\/le30.info\/index.php\/wp-json\/wp\/v2\/comments?post=2"}],"version-history":[{"count":5,"href":"https:\/\/le30.info\/index.php\/wp-json\/wp\/v2\/pages\/2\/revisions"}],"predecessor-version":[{"id":87,"href":"https:\/\/le30.info\/index.php\/wp-json\/wp\/v2\/pages\/2\/revisions\/87"}],"wp:attachment":[{"href":"https:\/\/le30.info\/index.php\/wp-json\/wp\/v2\/media?parent=2"}],"curies":[{"name":"wp","href":"https:\/\/api.w.org\/{rel}","templated":true}]}}

<p class="wp-block-paragraph">Vous êtes sur le site web du journal bimestriel Le 30. le30.info vous propose une partie des articles contenus dans le journal papier, gratuitement. Si vous voulez lire nos autres articles exclusifs, n&rsquo;hésitez pas à vous procurer une version papier de notre journal. Vous trouverez également sur ce site des articles exclusivement disponibles au format numérique. </p>



<p class="wp-block-paragraph">Si vous souhaitez nous contacter,  envoyez un mail à contact@le30.info.</p>



<p class="wp-block-paragraph">Une sélection de nos derniers articles : </p>


<ul class="wp-block-latest-posts__list is-grid wp-block-latest-posts is-layout-flow wp-block-latest-posts-is-layout-flow"><li><a class="wp-block-latest-posts__post-title" href="https://le30.info/index.php/2026/08/29/a-poitiers-on-deloge-les-pauvres-des-zones-economiques/">À Poitiers, « on déloge » les pauvres des zones économiques.</a></li>
<li><a class="wp-block-latest-posts__post-title" href="https://le30.info/index.php/2026/08/21/a-brottier-derriere-le-cumul-un-blocage-democratique/">A. Brottier : derrière le cumul, un blocage démocratique ?</a></li>
<li><a class="wp-block-latest-posts__post-title" href="https://le30.info/index.php/2026/03/13/thibaut-legube-veut-la-fin-de-limmobilisme-et-reinventer-chauvigny/">Thibaut Legube veut « la fin de l’immobilisme »et réinventer Chauvigny</a></li>
<li><a class="wp-block-latest-posts__post-title" href="https://le30.info/index.php/2026/03/10/profil-sociologique-des-listes-electorales-quelle-liste-est-la-plus-a-meme-de-vous-representer/">Profil sociologique des listes électorales, quelle liste est la plus à même de vous représenter ?</a></li>
<li><a class="wp-block-latest-posts__post-title" href="https://le30.info/index.php/2025/10/12/poitiers-une-majorite-a-limage-des-elites-pas-des-habitant-es/">Poitiers : Une majorité à l’image des élites, pas des habitant.es ?</a></li>
</ul>


<p class="wp-block-paragraph"></p>

<p>Vous êtes sur le site web du journal bimestriel Le 30. le30.info vous propose une partie des articles contenus dans le journal papier, gratuitement. Si [&hellip;]</p>
